{"id":2948,"date":"2025-07-03T10:33:41","date_gmt":"2025-07-03T10:33:41","guid":{"rendered":"https:\/\/shop.variatel.de\/?product=varia-s-sim"},"modified":"2025-07-29T02:28:13","modified_gmt":"2025-07-29T02:28:13","slug":"varia-s-sim","status":"publish","type":"product","link":"https:\/\/shop.variatel.de\/?product=varia-s-sim&lang=pl","title":{"rendered":"Varia S \u2013 SIM"},"content":{"rendered":"<p>Hitowa powie\u015b\u0107 szpiegowska czy list mi\u0142osny? Wszystko, co napiszesz na tej zabytkowej maszynie do pisania z lat 20., z pewno\u015bci\u0105 zrobi wra\u017cenie. <\/p>\n","protected":false},"excerpt":{"rendered":"<p><strong data-start=\"57\" data-end=\"77\"> <\/strong><\/p>\n<ul>\n<li data-start=\"111\" data-end=\"227\">\n<p data-start=\"66\" data-end=\"201\"><strong data-start=\"66\" data-end=\"99\">Plan 9,99 \u20ac z pe\u0142nymi funkcjami<\/strong><br data-start=\"99\" data-end=\"102\">Zyskaj wszystko, czego potrzebujesz dzi\u0119ki planowi VARIA S \u2013 a wszystko to za jedyne 9,99 \u20ac co 28 dni, bez umowy.<\/p>\n<\/li>\n<li data-start=\"111\" data-end=\"227\">\n<p data-start=\"66\" data-end=\"201\"><strong data-start=\"203\" data-end=\"240\">13 GB + do 20 GB Bonus lojalno\u015bciowy<\/strong><br data-start=\"240\" data-end=\"243\">Zacznij od 13 GB szybkiej transmisji danych (5G do 50 Mbit\/s) i zarabiaj do <strong data-start=\"315\" data-end=\"345\">20 GB jako nagrod\u0119 lojalno\u015bciow\u0105\u00b9<\/strong> za d\u0142u\u017cszy pobyt.<\/p>\n<\/li>\n<li data-start=\"111\" data-end=\"227\">\n<p data-start=\"66\" data-end=\"201\"><strong data-start=\"368\" data-end=\"392\">200 minut w cenie<\/strong><br data-start=\"392\" data-end=\"395\">Dzwo\u0144 na terenie Niemiec i z Niemiec do 30 kraj\u00f3w UE \u2013 <strong data-start=\"453\" data-end=\"476\">roaming w UE<\/strong>.<\/p>\n<\/li>\n<li data-start=\"111\" data-end=\"227\">\n<p data-start=\"66\" data-end=\"201\"><strong data-start=\"479\" data-end=\"497\">Mieszkanie wsp\u00f3lnotowe<\/strong><br data-start=\"497\" data-end=\"500\">Nielimitowane rozmowy z innymi u\u017cytkownikami Variatel \u2013 idealne rozwi\u0105zanie do pozostawania w kontakcie z przyjaci\u00f3\u0142mi i rodzin\u0105.<\/p>\n<\/li>\n<li data-start=\"111\" data-end=\"227\">\n<p data-start=\"66\" data-end=\"201\"><strong data-start=\"594\" data-end=\"627\">Po\u0142\u0105czenia VoLTE i Wi-Fi w cenie<\/strong><br data-start=\"627\" data-end=\"630\">Ciesz si\u0119 krystalicznie czyst\u0105 jako\u015bci\u0105 g\u0142osu, nawet gdy sygna\u0142 kom\u00f3rkowy jest s\u0142aby \u2013 dzi\u0119ki VoLTE i po\u0142\u0105czeniom Wi-Fi.<\/p>\n<\/li>\n<li data-start=\"111\" data-end=\"227\">\n<p data-start=\"66\" data-end=\"201\"><strong data-start=\"734\" data-end=\"769\">Pe\u0142na elastyczno\u015b\u0107 \u2013 bez umowy<\/strong><br data-start=\"769\" data-end=\"772\">Zachowaj kontrol\u0119 bez wi\u0105\u017c\u0105cych zobowi\u0105za\u0144 i bez ukrytych op\u0142at.<\/p>\n<\/li>\n<li data-start=\"111\" data-end=\"227\">\n<p data-start=\"66\" data-end=\"201\"><strong data-start=\"836\" data-end=\"855\">\u0141atwa aktywacja<\/strong><br data-start=\"855\" data-end=\"858\">Aktywuj plan natychmiast, wybieraj\u0105c numer:<br data-start=\"897\" data-end=\"900\"><strong data-start=\"900\" data-end=\"918\">*130*100# \ud83d\udcde<\/strong><\/p>\n<\/li>\n<li data-start=\"348\" data-end=\"630\">\n<p data-start=\"350\" data-end=\"630\"><strong data-start=\"350\" data-end=\"377\">Elastyczne opcje do\u0142adowa\u0144<\/strong><br data-start=\"377\" data-end=\"380\">Do\u0142adowuj z \u0142atwo\u015bci\u0105 za pomoc\u0105 kart do\u0142adowuj\u0105cych Variatel dost\u0119pnych w Rewe, Penny, kioskach, punktach telefonicznych, kafejkach internetowych i we wszystkich oddzia\u0142ach Deutsche Post. Wolisz online? Do\u0142aduj konto w dowolnym momencie <a class=\"\" href=\"http:\/\/www.variatel.de\" target=\"_new\" rel=\"noopener\" data-start=\"552\" data-end=\"593\">www.variatel.de<\/a> za pomoc\u0105 karty PayPal, debetowej lub kredytowej.  <\/p>\n<\/li>\n<li data-start=\"632\" data-end=\"742\">\n<p data-start=\"634\" data-end=\"742\"><strong data-start=\"634\" data-end=\"668\">Brak umowy \u2013 pe\u0142na elastyczno\u015b\u0107<\/strong><br data-start=\"668\" data-end=\"671\">Ciesz si\u0119 ca\u0142kowit\u0105 swobod\u0105, bez wi\u0105\u017c\u0105cej umowy i d\u0142ugoterminowych zobowi\u0105za\u0144.<\/p>\n<\/li>\n<li data-start=\"744\" data-end=\"858\">\n<p data-start=\"746\" data-end=\"858\"><strong data-start=\"746\" data-end=\"771\">Pe\u0142na kontrola koszt\u00f3w<\/strong><br data-start=\"771\" data-end=\"774\">Zawsze miej kontrol\u0119 nad swoim u\u017cytkowaniem i wydatkami \u2014 bez niespodzianek, tylko przejrzysto\u015b\u0107.<\/p>\n<\/li>\n<\/ul>\n","protected":false},"featured_media":2952,"template":"","meta":{"_acf_changed":false},"product_brand":[27],"product_cat":[275,265,266],"product_tag":[246,242,230],"class_list":{"0":"post-2948","1":"product","2":"type-product","3":"status-publish","4":"has-post-thumbnail","6":"product_brand-variatel-mobile-plans","7":"product_cat-pakiet","8":"product_cat-sim-pl","9":"product_cat-wszystkie","10":"product_tag-bundle-pl","11":"product_tag-sim-pl","12":"product_tag-varia-s-pl","13":"product_shipping_class-postal-sim","15":"first","16":"instock","17":"sold-individually","18":"taxable","19":"shipping-taxable","20":"purchasable","21":"product-type-simple"},"acf":[],"_links":{"self":[{"href":"https:\/\/shop.variatel.de\/index.php?rest_route=\/wp\/v2\/product\/2948","targetHints":{"allow":["GET"]}}],"collection":[{"href":"https:\/\/shop.variatel.de\/index.php?rest_route=\/wp\/v2\/product"}],"about":[{"href":"https:\/\/shop.variatel.de\/index.php?rest_route=\/wp\/v2\/types\/product"}],"version-history":[{"count":1,"href":"https:\/\/shop.variatel.de\/index.php?rest_route=\/wp\/v2\/product\/2948\/revisions"}],"predecessor-version":[{"id":2950,"href":"https:\/\/shop.variatel.de\/index.php?rest_route=\/wp\/v2\/product\/2948\/revisions\/2950"}],"wp:featuredmedia":[{"embeddable":true,"href":"https:\/\/shop.variatel.de\/index.php?rest_route=\/wp\/v2\/media\/2952"}],"wp:attachment":[{"href":"https:\/\/shop.variatel.de\/index.php?rest_route=%2Fwp%2Fv2%2Fmedia&parent=2948"}],"wp:term":[{"taxonomy":"product_brand","embeddable":true,"href":"https:\/\/shop.variatel.de\/index.php?rest_route=%2Fwp%2Fv2%2Fproduct_brand&post=2948"},{"taxonomy":"product_cat","embeddable":true,"href":"https:\/\/shop.variatel.de\/index.php?rest_route=%2Fwp%2Fv2%2Fproduct_cat&post=2948"},{"taxonomy":"product_tag","embeddable":true,"href":"https:\/\/shop.variatel.de\/index.php?rest_route=%2Fwp%2Fv2%2Fproduct_tag&post=2948"}],"curies":[{"name":"wp","href":"https:\/\/api.w.org\/{rel}","templated":true}]}}