{"id":2334,"date":"2025-07-03T10:35:12","date_gmt":"2025-07-03T10:35:12","guid":{"rendered":"https:\/\/shop.variatel.de\/?product=varia-l-sim"},"modified":"2025-07-29T02:26:37","modified_gmt":"2025-07-29T02:26:37","slug":"varia-l-sim","status":"publish","type":"product","link":"https:\/\/shop.variatel.de\/?product=varia-l-sim&lang=ro","title":{"rendered":"Varia L \u2013 SIM"},"content":{"rendered":"<p>Un roman de spionaj de succes sau o scrisoare de dragoste? Orice scrii folosind aceast\u0103 ma\u0219in\u0103 de scris de epoc\u0103 din anii &#8217;20 este menit s\u0103 lase o urm\u0103. <\/p>\n","protected":false},"excerpt":{"rendered":"<ul>\n<li data-start=\"99\" data-end=\"235\"><strong data-start=\"99\" data-end=\"141\">19,99 \u20ac Plan Bestseller \u2013 Valoare maxim\u0103<\/strong><br data-start=\"141\" data-end=\"144\">Cel mai popular plan al nostru! Plin de date, minute \u0219i flexibilitate &#8211; totul f\u0103r\u0103 contract. <\/li>\n<li data-start=\"237\" data-end=\"403\"><strong data-start=\"237\" data-end=\"274\">36 GB + Bonus de loialitate de p\u00e2n\u0103 la 54 GB<\/strong><br data-start=\"274\" data-end=\"277\">\u00cencepe\u021bi \u00een for\u021b\u0103 cu 36 GB de date 5G de mare vitez\u0103 (p\u00e2n\u0103 la 50 Mbit\/s) \u0219i c\u00e2\u0219tiga\u021bi p\u00e2n\u0103 la <strong data-start=\"358\" data-end=\"367\">54 GB<\/strong> ca <strong data-start=\"373\" data-end=\"392\">recompens\u0103 de loialitate\u00b9<\/strong> \u00een timp.<\/li>\n<li data-start=\"405\" data-end=\"537\"><strong data-start=\"405\" data-end=\"436\">300 de minute p\u00e2n\u0103 \u00een \u021b\u0103rile UE<\/strong><br data-start=\"436\" data-end=\"439\">Include 300 de minute din Germania c\u0103tre 30 de \u021b\u0103ri din UE &#8211; perfect pentru a p\u0103stra leg\u0103tura \u00een \u00eentreaga Europ\u0103.<\/li>\n<li data-start=\"539\" data-end=\"659\"><strong data-start=\"539\" data-end=\"576\">200 de minute c\u0103tre 35 de \u021b\u0103ri suplimentare<\/strong><br data-start=\"576\" data-end=\"579\">De asemenea, include 200 de minute interna\u021bionale din Germania c\u0103tre alte 35 de \u021b\u0103ri.<\/li>\n<li data-start=\"661\" data-end=\"764\"><strong data-start=\"661\" data-end=\"695\">Apeluri nelimitate \u00een Germania<\/strong><br data-start=\"695\" data-end=\"698\">Bucura\u021bi-v\u0103 de un <strong data-start=\"707\" data-end=\"722\">Allnet Flat<\/strong> \u2013 apeluri nelimitate c\u0103tre toate re\u021belele germane.<\/li>\n<li data-start=\"766\" data-end=\"854\"><strong data-start=\"766\" data-end=\"789\">Roaming UE inclus<\/strong><br data-start=\"789\" data-end=\"792\">C\u0103l\u0103tori\u021bi liber \u0219i r\u0103m\u00e2ne\u021bi conectat \u00een UE \u2013 f\u0103r\u0103 costuri suplimentare.<\/li>\n<li data-start=\"856\" data-end=\"985\"><strong data-start=\"856\" data-end=\"889\">VoLTE \u0219i apeluri WiFi incluse<\/strong><br data-start=\"889\" data-end=\"892\">Bucura\u021bi-v\u0103 de o calitate clar\u0103 a vocii chiar \u0219i atunci c\u00e2nd semnalul mobil este slab &#8211; datorit\u0103 VoLTE \u0219i apelurilor WiFi.<\/li>\n<li data-start=\"987\" data-end=\"1093\"><strong data-start=\"987\" data-end=\"1019\">F\u0103r\u0103 contract \u2013 Control deplin<\/strong><br data-start=\"1019\" data-end=\"1022\">F\u0103r\u0103 angajament. F\u0103r\u0103 taxe ascunse. Doar un serviciu mobil simplu \u0219i flexibil.  <\/li>\n<li data-start=\"1095\" data-end=\"1175\"><strong data-start=\"1095\" data-end=\"1114\">Activare u\u0219oar\u0103<\/strong><br data-start=\"1114\" data-end=\"1117\">Activa\u021bi planul oric\u00e2nd form\u00e2nd:<br data-start=\"1154\" data-end=\"1157\"><strong data-start=\"1157\" data-end=\"1175\">*130*102# \ud83d\udcde<\/strong><\/li>\n<\/ul>\n","protected":false},"featured_media":2336,"template":"","meta":{"_acf_changed":false},"product_brand":[27],"product_cat":[259,263,261],"product_tag":[247,243,239],"class_list":{"0":"post-2334","1":"product","2":"type-product","3":"status-publish","4":"has-post-thumbnail","6":"product_brand-variatel-mobile-plans","7":"product_cat-sim-ro","8":"product_cat-snop","9":"product_cat-toate","10":"product_tag-bundle-ro","11":"product_tag-sim-ro","12":"product_tag-varia-l-ro","13":"product_shipping_class-postal-sim","15":"first","16":"instock","17":"sold-individually","18":"taxable","19":"shipping-taxable","20":"purchasable","21":"product-type-simple"},"acf":[],"_links":{"self":[{"href":"https:\/\/shop.variatel.de\/index.php?rest_route=\/wp\/v2\/product\/2334","targetHints":{"allow":["GET"]}}],"collection":[{"href":"https:\/\/shop.variatel.de\/index.php?rest_route=\/wp\/v2\/product"}],"about":[{"href":"https:\/\/shop.variatel.de\/index.php?rest_route=\/wp\/v2\/types\/product"}],"version-history":[{"count":2,"href":"https:\/\/shop.variatel.de\/index.php?rest_route=\/wp\/v2\/product\/2334\/revisions"}],"predecessor-version":[{"id":2853,"href":"https:\/\/shop.variatel.de\/index.php?rest_route=\/wp\/v2\/product\/2334\/revisions\/2853"}],"wp:featuredmedia":[{"embeddable":true,"href":"https:\/\/shop.variatel.de\/index.php?rest_route=\/wp\/v2\/media\/2336"}],"wp:attachment":[{"href":"https:\/\/shop.variatel.de\/index.php?rest_route=%2Fwp%2Fv2%2Fmedia&parent=2334"}],"wp:term":[{"taxonomy":"product_brand","embeddable":true,"href":"https:\/\/shop.variatel.de\/index.php?rest_route=%2Fwp%2Fv2%2Fproduct_brand&post=2334"},{"taxonomy":"product_cat","embeddable":true,"href":"https:\/\/shop.variatel.de\/index.php?rest_route=%2Fwp%2Fv2%2Fproduct_cat&post=2334"},{"taxonomy":"product_tag","embeddable":true,"href":"https:\/\/shop.variatel.de\/index.php?rest_route=%2Fwp%2Fv2%2Fproduct_tag&post=2334"}],"curies":[{"name":"wp","href":"https:\/\/api.w.org\/{rel}","templated":true}]}}