{"id":2331,"date":"2025-07-03T10:36:24","date_gmt":"2025-07-03T10:36:24","guid":{"rendered":"https:\/\/shop.variatel.de\/?product=varia-xxl-sim"},"modified":"2025-07-29T02:26:42","modified_gmt":"2025-07-29T02:26:42","slug":"varia-xxl-sim","status":"publish","type":"product","link":"https:\/\/shop.variatel.de\/?product=varia-xxl-sim&lang=ro","title":{"rendered":"Varia XXL \u2013 SIM"},"content":{"rendered":"<p>Un roman de spionaj de succes sau o scrisoare de dragoste? Orice scrii folosind aceast\u0103 ma\u0219in\u0103 de scris de epoc\u0103 din anii &#8217;20 este menit s\u0103 lase o urm\u0103. <\/p>\n","protected":false},"excerpt":{"rendered":"<ul>\n<li data-start=\"73\" data-end=\"210\"><strong data-start=\"73\" data-end=\"114\">Plan de 29,99 \u20ac \u2013 Ultimate Freedom &amp; Data<\/strong><br data-start=\"114\" data-end=\"117\">Planul premium cu date masive \u0219i minute interna\u021bionale \u2013 f\u0103r\u0103 contract, flexibilitate deplin\u0103.<\/li>\n<li data-start=\"212\" data-end=\"388\"><strong data-start=\"212\" data-end=\"250\">74 GB + Bonus de loialitate de p\u00e2n\u0103 la 111 GB<\/strong><br data-start=\"250\" data-end=\"253\">\u00cencepe\u021bi cu 74 GB de date 5G ultra-rapide (p\u00e2n\u0103 la 50 Mbit\/s) \u0219i ob\u021bine\u021bi p\u00e2n\u0103 la <strong data-start=\"328\" data-end=\"338\">111 GB<\/strong> cu recompensa noastr\u0103 de <strong data-start=\"348\" data-end=\"367\">loialitate\u00b9<\/strong> cu c\u00e2t r\u0103m\u00e2ne\u021bi mai mult.<\/li>\n<li data-start=\"390\" data-end=\"516\"><strong data-start=\"390\" data-end=\"421\">500 de minute p\u00e2n\u0103 \u00een \u021b\u0103rile UE<\/strong><br data-start=\"421\" data-end=\"424\">Include 500 de minute din Germania c\u0103tre 30 de \u021b\u0103ri UE &#8211; ideal pentru apeluri europene extinse.<\/li>\n<li data-start=\"518\" data-end=\"641\"><strong data-start=\"518\" data-end=\"555\">500 de minute c\u0103tre 35 de \u021b\u0103ri suplimentare<\/strong><br data-start=\"555\" data-end=\"558\">De asemenea, include 500 de minute din Germania c\u0103tre 35 de destina\u021bii interna\u021bionale suplimentare.<\/li>\n<li data-start=\"643\" data-end=\"747\"><strong data-start=\"643\" data-end=\"677\">Apeluri nelimitate \u00een Germania<\/strong><br data-start=\"677\" data-end=\"680\"><strong data-start=\"680\" data-end=\"695\">Allnet Flat<\/strong> \u2013 bucura\u021bi-v\u0103 de apeluri nelimitate c\u0103tre toate re\u021belele din Germania.<\/li>\n<li data-start=\"749\" data-end=\"840\"><strong data-start=\"749\" data-end=\"772\">Roaming UE inclus<\/strong><br data-start=\"772\" data-end=\"775\">Deplasa\u021bi-v\u0103 liber \u00een UE \u2013 r\u0103m\u00e2ne\u021bi conectat f\u0103r\u0103 taxe suplimentare.<\/li>\n<li data-start=\"842\" data-end=\"976\"><strong data-start=\"842\" data-end=\"875\">VoLTE \u0219i apeluri WiFi incluse<\/strong><br data-start=\"875\" data-end=\"878\">Experimenta\u021bi apeluri de calitate superioar\u0103 chiar \u0219i \u00een zonele cu recep\u021bie slab\u0103 &#8211; datorit\u0103 VoLTE \u0219i apelurilor WiFi.<\/li>\n<li data-start=\"1070\" data-end=\"1151\"><strong data-start=\"1070\" data-end=\"1089\">Activare u\u0219oar\u0103<\/strong><br data-start=\"1089\" data-end=\"1092\">Activa\u021bi-v\u0103 planul oric\u00e2nd form\u00e2nd:<br data-start=\"1130\" data-end=\"1133\"><strong data-start=\"1133\" data-end=\"1151\">*130*104# \ud83d\udcde<\/strong><\/li>\n<li data-start=\"1153\" data-end=\"1238\"><strong data-start=\"1153\" data-end=\"1163\">Bonus:<\/strong><br data-start=\"1163\" data-end=\"1166\">Include <strong data-start=\"1178\" data-end=\"1199\">100 de minute suplimentare<\/strong> din Germania c\u0103tre \u0219i mai multe \u021b\u0103ri.**<\/li>\n<li data-start=\"350\" data-end=\"630\"><strong data-start=\"350\" data-end=\"377\">Op\u021biuni flexibile de re\u00eenc\u0103rcare<\/strong><br data-start=\"377\" data-end=\"380\">Re\u00eenc\u0103rca\u021bi-v\u0103 cu u\u0219urin\u021b\u0103 cu cardurile de re\u00eenc\u0103rcare Variatel disponibile la Rewe, Penny, chio\u0219curi, magazine de apeluri, internet cafe-uri \u0219i toate sucursalele Deutsche Post. Preferi online? Re\u00eenc\u0103rca\u021bi oric\u00e2nd la <a class=\"\" href=\"http:\/\/www.variatel.de\" target=\"_new\" rel=\"noopener\" data-start=\"552\" data-end=\"593\">www.variatel.de<\/a> folosind cardul de PayPal, de debit sau de credit.  <\/li>\n<li data-start=\"634\" data-end=\"742\"><strong data-start=\"634\" data-end=\"668\">F\u0103r\u0103 contract \u2013 flexibilitate deplin\u0103<\/strong><br data-start=\"668\" data-end=\"671\">Bucura\u021bi-v\u0103 de libertate total\u0103, f\u0103r\u0103 contracte obligatorii sau obliga\u021bii pe termen lung.<\/li>\n<li data-start=\"634\" data-end=\"742\"><strong data-start=\"746\" data-end=\"771\">Control complet al costurilor<\/strong><br data-start=\"771\" data-end=\"774\">P\u0103stra\u021bi \u00eentotdeauna controlul asupra utiliz\u0103rii \u0219i cheltuielilor &#8211; f\u0103r\u0103 surprize, doar transparen\u021b\u0103.<\/li>\n<li data-start=\"73\" data-end=\"210\">\n<\/li>\n<\/ul>\n","protected":false},"featured_media":2332,"template":"","meta":{"_acf_changed":false},"product_brand":[27],"product_cat":[259,263,261],"product_tag":[247,215,223],"class_list":{"0":"post-2331","1":"product","2":"type-product","3":"status-publish","4":"has-post-thumbnail","6":"product_brand-variatel-mobile-plans","7":"product_cat-sim-ro","8":"product_cat-snop","9":"product_cat-toate","10":"product_tag-bundle-ro","11":"product_tag-esim-ro","12":"product_tag-varia-xxl-ro","13":"product_shipping_class-postal-sim","15":"first","16":"instock","17":"sold-individually","18":"taxable","19":"shipping-taxable","20":"purchasable","21":"product-type-simple"},"acf":[],"_links":{"self":[{"href":"https:\/\/shop.variatel.de\/index.php?rest_route=\/wp\/v2\/product\/2331","targetHints":{"allow":["GET"]}}],"collection":[{"href":"https:\/\/shop.variatel.de\/index.php?rest_route=\/wp\/v2\/product"}],"about":[{"href":"https:\/\/shop.variatel.de\/index.php?rest_route=\/wp\/v2\/types\/product"}],"version-history":[{"count":2,"href":"https:\/\/shop.variatel.de\/index.php?rest_route=\/wp\/v2\/product\/2331\/revisions"}],"predecessor-version":[{"id":2856,"href":"https:\/\/shop.variatel.de\/index.php?rest_route=\/wp\/v2\/product\/2331\/revisions\/2856"}],"wp:featuredmedia":[{"embeddable":true,"href":"https:\/\/shop.variatel.de\/index.php?rest_route=\/wp\/v2\/media\/2332"}],"wp:attachment":[{"href":"https:\/\/shop.variatel.de\/index.php?rest_route=%2Fwp%2Fv2%2Fmedia&parent=2331"}],"wp:term":[{"taxonomy":"product_brand","embeddable":true,"href":"https:\/\/shop.variatel.de\/index.php?rest_route=%2Fwp%2Fv2%2Fproduct_brand&post=2331"},{"taxonomy":"product_cat","embeddable":true,"href":"https:\/\/shop.variatel.de\/index.php?rest_route=%2Fwp%2Fv2%2Fproduct_cat&post=2331"},{"taxonomy":"product_tag","embeddable":true,"href":"https:\/\/shop.variatel.de\/index.php?rest_route=%2Fwp%2Fv2%2Fproduct_tag&post=2331"}],"curies":[{"name":"wp","href":"https:\/\/api.w.org\/{rel}","templated":true}]}}